nder when 45 is divided by t/15 - (-6)/15.
9
Suppose 2*t = 2*q - 2*t + 12, -4 = 2*q - 2*t. Suppose 2*r + q = 6. Calculate the remainder when 5 is divided by r.
1
Suppose -5*s + 46 = 18*s. Suppose 820 = 5*l + 290. Calculate the remainder when l is divided by ((-99)/33)/(s/(-18)).
25
Let p = -4181 - -4401. Calculate the remainder when p is divided by 74.
72
Suppose -4*w - 2*f + 162 = 0, 4*w - 233 + 73 = -4*f. Suppose 0 = -2*b + 3*z + 73, -568*z + 191 = 4*b - 569*z. What is the remainder when b is divided by w?
9
What is the remainder when 13056 is divided by ((-5)/30)/((-14)/210)*2?
1
Let w(l) be the second derivative of -l**5/20 + 11*l**4/4 + 37*l**3/6 - 67*l**2/2 - 4*l + 6. What is the remainder when 158 is divided by w(34)?
18
Let r(l) = -2*l + 43. Let f be r(20). Suppose -121 = -f*w - 40. Calculate the remainder when 95 is divided by w.
14
Let c(u) = 3*u + 22. Suppose -7 = -4*a - 3*a. Calculate the remainder when a is divided by c(-7).
0
Let y = -69 - -69. Suppose 6*u - 2*u + 5*d - 59 = y, -15 = -5*d. Suppose -x + z = -u, -3*x = 2*z - 53 - 5. Calculate the remainder when x is divided by 6.
4
Let f = 771 + -599. What is the remainder when f is divided by 45?
37
Let o(r) = r**2 + 315*r + 1860. Calculate the remainder when 254 is divided by o(-6).
2
Let n(u) = -19*u - 3. Let w be n(-7). What is the remainder when 61 is divided by (-4 - w/(-5)) + -3?
4
Suppose 682 = 2*v - 3*k, -8*k + 1020 = 3*v - 11*k. What is the remainder when v is divided by 31?
28
Let b = -551 - -578. Calculate the remainder when b is divided by 0 - 1/2 - 188/(-8).
4
Suppose -3507 - 32903 = 5*z. Suppose 5*p - 37 = 3. Calculate the remainder when (1 - 6/p) + z/(-88) is divided by 14.
13
Suppose z = p - 122, p - 73 - 49 = -5*z. Let c = 932 - 916. What is the remainder when p is divided by c?
10
What is the remainder when 588 is divided by 426/5 - 33/165*(2 + -1)?
78
Let z be 26/(-6)*(-5 + 1 + 1). Let q(w) = 9 + 2 - z*w + 6. What is the remainder when q(-7) is divided by 37?
34
Let y be (-7)/3*(-1 - 2). Suppose -y*g = 21*g - 3332. Calculate the remainder when g is divided by 18.
11
Calculate the remainder when -11*(-16)/528*(-321)/(-1) is divided by 6.
5
What is the remainder when (-13272)/(-126) - (-5)/((-45)/12) is divided by 9?
5
Let h = -212 + 495. Let a = h + -243. Calculate the remainder when 938/8 + 3/(-12) is divided by a.
37
Suppose -5*c + 2490 = 5*n, -2*c + 6*c - 2001 = -n. Suppose 4*o - 119 = g - 116, -4*g = 3*o - 45. Calculate the remainder when c is divided by g.
6
Let s(u) = -83*u - 58. Let k be s(3). Let x = 347 + k. What is the remainder when 155 is divided by x?
35
Suppose -4*i - 5*z = 2221, -3*i - 1632 = -0*i - 3*z. What is the remainder when 1*i/(-6)*(-4)/(-3) is divided by 41?
40
Let n(z) be the third derivative of z**4/8 + 95*z**3/6 + 49*z**2. Calculate the remainder when (-6)/(-21) + (-444)/(-14) is divided by n(-26).
15
Let j(d) = 46*d**2 - 19*d + 88. Calculate the remainder when j(-10) is divided by 61.
59
Suppose 0 = -2*g - 2*h - 42, -g + h + 2*h = 21. Let i = 10 - g. Let a(u) = 2*u**3 - 3*u + 5. What is the remainder when a(4) is divided by i?
28
Let l(t) = 2*t**3 - 83*t**2 - 39*t - 123. Suppose 5*d = 2*d + 9. Suppose i - 25 = -4*b, -3*b - d*i + 4 = -8. What is the remainder when b is divided by l(42)?
1
Suppose 3*m = -2*t + 2448, -18*t + 21*t - 3679 = -8*m. What is the remainder when t is divided by 25?
21
Let q be ((-12)/(-14))/(18/63). Let i(t) = -t**3 - 11 - 21*t - 7*t**q + 7*t**3 + 23*t**2. What is the remainder when 64 is divided by i(22)?
9
Let r = 109 - 106. Let m(t) = 5*t**3 + 4*t**2 + 2*t - 2. Let v be m(-2). Calculate the remainder when r is divided by ((-45)/v)/(5/2 - 1).
0
Suppose -68 = -5*b + 4*f, -144*f + 145*f = -3*b + 17. What is the remainder when 2006 is divided by b?
6
Let q be 3/2*(28 + -26). Suppose -q*a + 144 = -0*a. What is the remainder when a is divided by 26?
22
Suppose 60 = -2*y + 3*a + 380, -5*a + 706 = 4*y. What is the remainder when 1509 is divided by y?
157
Let g(b) = -23*b**3 + 5*b + 2. Let c be g(-3). Suppose -r - 87 = 3*u, -5*r - 4*u = -162 + c. Let w = r + 139. What is the remainder when w is divided by 26?
23
Suppose -9*b + 30 = -4*b - 2*k, -3*b = k - 7. Suppose -3*g - 3*l + 51 = 0, 3*g + 13 = b*g + 5*l. What is the remainder when g is divided by 2?
0
Let u = -1887 - -1901. Calculate the remainder when 1271 is divided by u.
11
Suppose -3*d + 5 = -2*w, -d + 10 = 4*d - 3*w. Suppose -4*k + 5605 + 5351 = 0. Suppose 16*m = d*m + k. What is the remainder when m is divided by 63?
60
Suppose 207 = s - 49. Suppose -58*d = -54*d - s. Calculate the remainder when d is divided by 3.
1
Let u = 13726 - 13710. Calculate the remainder when 2/(-3) - (-478)/6 is divided by u.
15
Let p = -35 + 48. Suppose 0 = -263*x + 247*x + 784. What is the remainder when x is divided by p?
10
Let x(g) = -18*g**2 + 2034*g - 139. Calculate the remainder when x(111) is divided by 27.
23
Suppose -96 = -4*x - 56. What is the remainder when 591 - (-13 + x + -6) is divided by 14?
12
Let i = -148 + 166. Calculate the remainder when 37 is divided by (i/(-8))/((-24)/96).
1
Suppose 9*x - 8*x - 154 = 5*n, -5*x = -5*n - 830. Calculate the remainder when 5912 is divided by x.
166
Suppose -408 = 4*n + 12. Let r = n + 147. What is the remainder when r is divided by (-231)/14*6/(-9)?
9
Suppose -b = -5, 2*y - 6*y - 4*b + 212 = 0. What is the remainder when 235 is divided by 3*-32*(-24)/y?
43
Let d(r) = 7*r**2 + 3*r + 1498. What is the remainder when d(0) is divided by 50?
48
Let c = 1710 - 882. Suppose -6*h = -3*h - c. Calculate the remainder when h is divided by 70.
66
Suppose -4*f + 8*f - 780 = -v, 2*f - 1566 = -2*v. Calculate the remainder when v is divided by 9.
1
Let b(n) = -35*n - 128. What is the remainder when ((-4)/4)/(1/(-71)) is divided by b(-4)?
11
Let w(m) = 11*m + 30. Let d be w(3). Suppose -66*n = -d*n - 2475. What is the remainder when n is divided by 18?
15
Suppose 18*f - 242 = 2494. Calculate the remainder when 1363 is divided by f.
147
Let g(l) be the second derivative of l**4/3 + 7*l**3/6 - 9*l**2/2 - 109*l. Calculate the remainder when g(4) is divided by 12.
11
Let f be 2/((-42)/(-91))*18. What is the remainder when 303 is divided by 416/f*(5 - 2)?
15
Let c be ((-7)/28*-8)/((-1)/4). Let g(l) = -7*l - 54. What is the remainder when g(c) is divided by 1?
0
Suppose 5*a - 42 = 33. Let g be 1689/15 + 2/5. Suppose -3*h + g + 10 = 0. What is the remainder when h is divided by a?
11
Let a(h) = -h**3 + 24*h**2 - h + 29. Let x be a(24). Suppose -51 = -t + d - 6*d, 0 = x*t - 3*d - 115. Calculate the remainder when 72 is divided by t.
20
Suppose -43435 - 29645 = -168*k. Calculate the remainder when k is divided by 229.
206
Suppose 0 = 3*b + 27 - 15. Let z be b/(-8) + (-33)/6. Let u(k) = 2*k + 13. What is the remainder when 9 is divided by u(z)?
0
Let a be 23 + 2/(2/(-3)). Suppose -g + a = g. What is the remainder when ((-42)/18)/7*144*-1 is divided by g?
8
Calculate the remainder when -10 - 34*1807/(-13) is divided by 143.
140
Suppose 672 = 39*r - 544 - 851. What is the remainder when r is divided by 18?
17
Suppose -58 = -3*o - 4*z, 2*o = 2*z - 3*z + 37. Suppose -o*k + 9074 = 8*k. Calculate the remainder when k is divided by 14.
13
Let w(u) = 2*u**3 - 8*u**2 + u + 1. Let t = -137 + 143. What is the remainder when w(t) is divided by 76?
75
Let h = 12 - -49. Suppose -c = -5*r + 4, -5*c + 125*r = 121*r - 64. What is the remainder when h is divided by c?
13
Suppose 60*g = 61*g - 469. Suppose 2*d + b = 932, 8*d - g = 7*d - 2*b. What is the remainder when d is divided by 26?
23
Suppose 0 = -q - 2*v + 10, -4*q + v + 2 = -2. Let y(h) = 2 - 3*h - 1 - q - 1. What is the remainder when 47 is divided by y(-4)?
7
Suppose -3*m = -5*a - 3709, m = -3*m - 4*a + 4956. What is the remainder when m is divided by 8?
6
Suppose 0*v - 5*q + 27 = v, -4*q = 0. Let k(r) = r**2 - 13*r - 8. Let c be k(11). Let j = c - -80. What is the remainder when j is divided by v?
23
Let o(s) = 3*s**2 - 66*s + 75. Let w be o(27). Let y = 613 - w. Calculate the remainder when y is divided by 27.
25
Calculate the remainder when 22 - (-83138)/77 - (-2)/7 is divided by 363.
13
Suppose 0 = 5*p + 2*h - 13 - 137, -5*p + 5*h + 150 = 0. Let l = p - -39. Calculate the remainder when 342 is divided by l.